3140)/(-6) + 4/6. Let n(j) = 2*j**2 + 25*j - 25. Let s be n(-14). Suppose -13*y - c = -s*y. What is the hundreds digit of y?
1
Let m(k) be the first derivative of k**4 - 3*k**3 - 6*k**2 + 18*k - 64. What is the hundreds digit of m(6)?
4
Let v = -212 - -210. Let y(p) = -102*p**3 - 7*p**2 - 5*p - 2. What is the tens digit of y(v)?
9
Let g(x) = -459*x**3 - 17*x**2 - 37*x - 25. What is the thousands digit of g(-3)?
2
Suppose -4*n + 2*n - 2*n = 0. Suppose -2*q + 10 = n, 4*q = 5*h + 8*q - 4360. What is the units digit of h?
8
Let s be (-6)/33 - (-1)/(22/2182). Let q = s - 61. Suppose q*l = 42*l - 656. What is the hundreds digit of l?
1
Let b = -121 + 123. Suppose 5*v + 327 = h, h + b*v = 4*v + 324. What is the tens digit of h?
2
Suppose 270242 = 130*v - 33*v. What is the hundreds digit of v?
7
Let t(l) = l**3 + 20*l**2 - 10*l + 175. What is the thousands digit of t(-10)?
1
Let w(g) = 11 + 70*g + 3*g**3 - 2*g**3 + 0*g**3 - 5 - 39*g**2 + 62. What is the tens digit of w(38)?
8
Suppose 0*s + s = 4*y, -5*y = -4*s. Let b be -3*(1 + y) + 51. Suppose -4*c + c + b = 0. What is the units digit of c?
6
Let i(a) = a**3 + 4*a**2 - a - 14. Let o be i(-4). What is the units digit of 180/(-27)*372/o?
8
Let b be (62/(-3))/(0 + (-14)/(-21)). Let n = b + 79. Let y = 237 - n. What is the units digit of y?
9
What is the tens digit of (4 - ((-2)/(-24))/((-4)/(-204)))*-134716?
7
What is the tens digit of 12/(-720)*-20*246801?
6
Let v = -5 - -51. Let d = 49 - v. What is the tens digit of (-5 + (-470)/8)*(-1 - d)?
5
Let t = 111 - -78. Let p = 302 - t. Let o = p - -89. What is the tens digit of o?
0
Let r = -297645 + 189500. What is the tens digit of r/(-258) + (-2)/12?
1
Let j(a) be the third derivative of 3*a**5/20 - 3*a**4/8 - 38*a**3/3 + 51*a**2. What is the hundreds digit of j(-6)?
3
Let n be (-46)/(-3)*(2 - -1). Let x = n - 37. Suppose x*s - 6*s - 858 = 0. What is the tens digit of s?
8
Let j(v) = -5*v**2 + 38*v + 1. Let g be j(7). Let t(r) = 5*r**2 - 35*r + 104. What is the thousands digit of t(g)?
1
Suppose -605 = 4*i - 11757. Suppose -4*y = 4*f + f - i, -3*y + 5*f = -2056. What is the tens digit of y?
9
Let v = 3205 + -4492. Let f = v - -1818. What is the hundreds digit of f?
5
Let p(y) = 1599*y**2 + 11*y - 13. Let w be p(1). Let h = w - 949. What is the tens digit of h?
4
Suppose 47*u - 36210 = 13*u. Let y = -1 - -6. Suppose v - 2*d = 201, -y*v + 2*d = 7*d - u. What is the hundreds digit of v?
2
Let j = 795 - 791. Suppose 3*i - 5*w - 2794 = 0, -j*w = -4*i + 2*i + 1864. What is the hundreds digit of i?
9
What is the thousands digit of (23688/98)/(6/63)?
2
Suppose 3*m + 29 = -5*i, -18*i + 19*i + 2*m = -10. Suppose -3*a + 12 = 0, -4*u - 6*a = -a - 12. What is the hundreds digit of u*1*(i - (59 + -1))?
1
Let f = -28978 - -43591. What is the hundreds digit of f?
6
Suppose 0 = l + d + 308 - 1282, 4864 = 5*l + 2*d. Let s = l - 743. What is the units digit of s?
9
Suppose 5*y - 155338 = -7*r, 18*y + 31058 = 19*y + 3*r. What is the ten thousands digit of y?
3
Let w(q) = 5417*q - 899. What is the ten thousands digit of w(6)?
3
Let g(f) = -172*f + 5226. What is the hundreds digit of g(11)?
3
Let x(w) = -8*w**2 + 30*w + 161. Let k(f) = -2*f**2 + f. Let y(n) = 3*k(n) - x(n). What is the tens digit of y(-17)?
7
Let n be (((-168)/10)/7)/(15/(-1625)). Let y = 436 + -151. What is the tens digit of ((-2)/13 - y/n)*-116?
4
Let f = 23 - 23. Suppose -7*j - 122 - 767 = f. Let g = 192 + j. What is the tens digit of g?
6
What is the hundreds digit of (329356/2)/(240/132 + 10/55)?
3
Let x(r) be the first derivative of -r**3 + r**2/2 + 11*r + 73. What is the tens digit of x(0)?
1
Suppose 7*p + 35 = 14*p. Suppose -112 = p*n - 12*n. Suppose 1182 + 1954 = n*v. What is the units digit of v?
6
Let x(g) = g - 4. Let h(p) = -1. Let t(r) = 6*h(r) - x(r). Let z be t(-2). Suppose n - 2 = -5*k + 2, n - 2*k - 39 = z. What is the units digit of n?
9
Let x be 4/18 + (-3122)/(-126). Suppose -16324 - 6301 = -x*d. What is the tens digit of d?
0
Let w(l) = -2*l**3 - l**2 + l - 3. Let s be w(0). Let q be (1 - s)*9/18. Suppose u - 36 = r, 6*u = u + q*r + 183. What is the units digit of u?
7
What is the units digit of 10 + ((-9)/36*-27052 - 3)?
0
Suppose q - p = 12, 3434*q - 2*p + 24 = 3436*q. What is the units digit of q?
2
Let f(j) = j**2 + 2. Let c(o) = 29*o**2 - 14*o + 14. Let y(r) = c(r) - 5*f(r). What is the hundreds digit of y(4)?
3
Suppose -15*f = -5756 + 896. Suppose -3*r + f = 3*s, -s - 2*r + 26 = -87. What is the hundreds digit of s?
1
Suppose 0 = -j + 2*l + 20, l = -3*l. Let p = -31 + j. Let a = 39 + p. What is the tens digit of a?
2
Let k be (4/(-28) - 520/(-14))/1. Suppose 2*q - 273 = 17. Suppose q - k = z. What is the hundreds digit of z?
1
Suppose 3*h - 381 = 4*n + 107, -3*h = 3*n - 453. Let m be 1200/(-14) + (-4)/14. Let d = h + m. What is the units digit of d?
0
Let v = -12494 + 49300. What is the hundreds digit of v?
8
Suppose 11*o + 14*o = 250. What is the hundreds digit of 1365*4/o*(-3 - -4)?
5
Suppose 16*o - 14291 - 53996 = -7*o. What is the thousands digit of o?
2
Suppose 870 = z - q, 7*z - 2*z - 3*q = 4360. Let k = z + -321. What is the units digit of k?
4
Let a(p) = -8*p**3 - 10*p**2 - 11*p + 5. Let u be a(-5). Let i = u - -358. What is the units digit of i?
8
Let v be (-1 + -1)/(16/(-24)). Suppose -v*c + 1055 = 194. What is the units digit of c?
7
Let u(r) = 1085 - 1076 - 32*r - 7*r. What is the tens digit of u(-8)?
2
Let s be 12/(-90) - (-188)/60. Suppose s*b + 4*v - 3055 = 0, -2*b = -2*v - 1422 - 596. What is the units digit of b?
3
Let l(d) = d**3 - 3*d**2 - 8*d + 5410. What is the tens digit of l(0)?
1
Let u(m) = m + 1268. What is the tens digit of u(-7)?
6
Let u(x) = -16*x**3 - 39*x**2 - 115*x + 14. What is the tens digit of u(-7)?
9
What is the thousands digit of 26955*(-12 + (-172)/(-12))?
2
Suppose 5*q = -2*d - 104, 9 = d + 2*d. Let p(w) = -18*w + 10. Let s be p(4). Let f = q - s. What is the tens digit of f?
4
Suppose -782304 = -84*v + 36*v. What is the tens digit of v?
9
Let w(a) = a + 16. Let j be w(-9). Let g(u) = -35*u**2 + 8*u + 14. Let x(p) = 71*p**2 - 15*p - 27. Let o(n) = j*g(n) + 4*x(n). What is the tens digit of o(-2)?
5
Let k(r) = 45*r**3 - 5*r**2 + 2*r + 5. Let c = 226 + -224. What is the units digit of k(c)?
9
Let h = -53 + 89. Suppose 0 = -70*w + 66*w + h. Suppose 0 = -3*k + w*k - 540. What is the tens digit of k?
9
Let h = 134 - 187. Let o = 23 + h. What is the units digit of -8*(-4)/8 - o?
4
Let g = -12898 - -26817. What is the units digit of g?
9
Let g(u) = 19*u**3 - 2*u**2 - 33*u + 5. What is the hundreds digit of g(7)?
1
Suppose 32 = 3*t + t. Let c(o) = -8 + 40 + 25 + 8*o. What is the tens digit of c(t)?
2
Let j be (3087/14)/(2/4). Suppose -j*s - 1476 = -444*s. What is the hundreds digit of s?
4
Suppose -1690 = 4*z + 5*l, 5*l + 177 + 253 = -z. Let g be 6/(z/212 - -2). Suppose -78 = -r - y, 4*r - g = -0*y - y. What is the units digit of r?
0
Suppose 5*j = -5*g + 19050, 4*g + 19080 = 5*j - g. What is the hundreds digit of j?
8
Suppose -4*k + 39 = 3*w + 71, -5*k - 19 = 2*w. Let v(c) = 5*c**2 + 13*c + 65. What is the tens digit of v(w)?
2
Let v = 8714 - 4153. What is the tens digit of v?
6
Let u = 434 - 570. What is the tens digit of (-7 + -83)*u/20?
1
Suppose -6*x = -8*x. Suppose x = -7*g + 3*g + 88. Suppose g = 2*z + 6. What is the units digit of z?
8
Let y(o) = -2*o**3 - 16*o**2 + 221*o + 64. What is the hundreds digit of y(-19)?
8
Let b(o) = 156*o - 96. Let f = -489 - -497. What is the thousands digit of b(f)?
1
Suppose 5*r - 1600 - 2429 = 3*v, v = -2*r + 1616. What is the tens digit of r?
0
Let o be (-2)/(-3)*-3 + 1*2. Suppose o = -x + 4*v + 794, 0 = v - 3*v + 10. What is the hundreds digit of x?
8
Let h be (13/(65/(-75)))/(-3). Suppose h*m + 0*k + 3*k - 167 = 0, -3*m - 4*k + 109 = 0. What is the units digit of m?
1
Let p(l) be the second derivative of 6*l**5/5 + l**4/4 - 5*l**3/6 + 5*l**2/2 - 106*l. What is the tens digit of p(2)?
9
Suppose -15*k = -107 - 118. What is the tens digit of 1/((-8)/14180)*(-12)/k?
1
Suppose -61*q = -62*q + 4. Let g be (-2)/q + (-322)/(-4). Let x = -24 + g. What is the units digit of x?
6
Let c(f) = f**2 - 90*f - 366. What is the units digit of c(-66)?
0
Let x be 10/(((-4)/6)/((-1)/(-3))). What is the units digit of 458 + x